{"id":112,"date":"2021-06-05T12:57:14","date_gmt":"2021-06-05T10:57:14","guid":{"rendered":"http:\/\/www.malarstwo.ws.ujd.edu.pl\/?page_id=112"},"modified":"2021-06-05T18:34:50","modified_gmt":"2021-06-05T16:34:50","slug":"dr-hab-jakub-jakubowski","status":"publish","type":"page","link":"http:\/\/www.malarstwo.ws.ujd.edu.pl\/index.php\/dr-hab-jakub-jakubowski\/","title":{"rendered":"Dr Hab. Jakub Jakubowski"},"content":{"rendered":"\n<div class=\"wp-block-image is-style-rounded\"><figure class=\"aligncenter size-large is-resized\"><img loading=\"lazy\" src=\"http:\/\/www.malarstwo.ws.ujd.edu.pl\/wp-content\/uploads\/2021\/06\/photo-225x300-1.jpg\" alt=\"\" class=\"wp-image-113\" width=\"182\" height=\"242\"\/><\/figure><\/div>\n\n\n\n<p class=\"has-text-align-center\">Jakub Jakubowski, rocznik 80. Mieszka i pracuje w Cz\u0119stochowie.<br>Absolwent Akademii im. Jana D\u0142ugosza w Cz\u0119stochowie, Wydzia\u0142 Artystyczny \u2013 Malarstwo. Autor kilkunastu wystaw indywidualnych, uczestnik kilkudziesi\u0119ciu wystaw zbiorowych. Trzykrotny stypendysta Prezydenta Miasta Cz\u0119stochowy. Przew\u00f3d doktorski zrealizowa\u0142 w Akademii Sztuk Pi\u0119knych w Katowicach.Na co dzie\u0144 zwi\u0105zany z Katedr\u0105 Malarstwa, Akademii im. Jana D\u0142ugosza w Cz\u0119stochowie gdzie uczy malarstwai rysunku. W pracy artystycznej \u0142\u0105czy dwa watki figuracji oraz przedmiotu poprzez, kt\u00f3re usi\u0142uje mierzy\u0107 si\u0119z rzeczywisto\u015bci\u0105.Jest pomys\u0142odawc\u0105 i organizatorem wystaw: \u201eMalarze\u201d <br>i \u201eRysunkarze\u201d we wsp\u00f3\u0142pracyz Regionalnym Towarzystwem Sztuk Pi\u0119knych Zach\u0119ta, kt\u00f3re \u0142\u0105cz\u0105 prace artystyczn\u0105, naukow\u0105 i dydaktyczn\u0105. Uczestnik mi\u0119dzynarodowych sympozj\u00f3w kt\u00f3rych tematyk\u0105 jest wsp\u00f3\u0142czesne malarstwo.<\/p>\n\n\n\n<p class=\"has-text-align-center\"><br>wystawy indywidualne:<\/p>\n\n\n\n<p class=\"has-text-align-center\">2019 \u2013 \u201epejza\u017c, kt\u00f3rego nikt nie widzia\u0142\u201d, Centro culturale Aldo Moro in Cordenons\/ W\u0142ochy<br>2019 \u2013 \u201eNa zboczu g\u00f3ry idee umiera\u0142y spokojnie\u201d, Miejska Galeria Sztuki w Cz\u0119stochowie<br>2019 \u2013 \u201eObrazy r\u00f3\u017cne\u201d\u2013 Galeria XS, Uniwersytet im. Jana Kochanowskiego w Kielcach.<br>2018 \u2013 \u201eRysunki o przemijaniu\u201d, Galeria Korridor, Uniwersytet Ostrava, Czechy.<br>2018 \u2013 \u201eCi\u0105g dalszy przechodzenia\u201d, Galeria \u201eZa szk\u0142em\u201d Akademia Sztuk Pi\u0119knych Wroc\u0142aw.<br>2017 \u2013 \u201ePrzej\u015bcie\u201d, Galeria Orient, Szczecin.<br>2016 \u2013 \u201eFigura wst\u0105\u017cki\u201d, Galeria SCHODY, Warszawa.<br>2016 \u2013 \u201eMalarstwo \u2013 cz\u0142owiek w drodze\u2013kilka obraz\u00f3w z serii elementy niezb\u0119dne do budowy skrzyde\u0142 i kilka rysunk\u00f3w\u201d, Ba\u0142tycka Galeria Sztuki, CK 105 Koszalin.<br>2015 \u2013 \u201eMALARSTWO\u201d \u2013 Galeria A, Uniwersytet Humanistyczny Siedlce.<br>2014 \u2013 \u201eK\u0142ajery\u2013ch\u00f3ry\u201d, Regionalne Towarzystwo Zach\u0119ty Sztuk Pi\u0119knych, Konduktorownia,Cz\u0119stochowa.<br>2013 \u2013 \u201eMalarstwo\u201d, Liptovskie Muzeum Ruzomberok, S\u0142owacja<br>2012 \u2013 \u201e MALARSTWO\u201d, Biuro Wystaw Artystycznych, Sandomierz.<br>2012 \u2013 \u201eSto\u0142ek\u201d wystawa malarstwa, Muzeum Cz\u0119stochowskie Ratusz, Cz\u0119stochowa.<br>2011 \u2013 \u201eMALARSTWO\u201d, O\u015brodek Promocji Kultury Gaude Mater, Cz\u0119stochowa.<br>2010 \u2013 \u201eMalarstwo\u201d, Galeria Wej\u015bci\u00f3wka, Cz\u0119stochow.<br>2010 \u2013 \u201eMALARSTWO\u201d, Burgalerie, Jever, Niemcy<br>2010 \u2013 \u201eRozwa\u017cania przy misce\u201d, Galeria Sztuki Wsp\u00f3\u0142czesnej, Ratusz BCK, Brzeg.<br>2008 \u2013 \u201eMalarstwo\u201d, Galeria Krypta u Pijar\u00f3w, Krak\u00f3w.<br>2007 \u2013 \u201eMalarstwo\u201d, Galeria Sztuki Wsp\u00f3\u0142czesnej \u201eFra Angelico\u201d, Muzeum Archidiecezjalne, Katowice.<br>2007 \u2013 \u201eMalarstwo\u201d, Miejska Galeria Sztuki, Cz\u0119stochowa.<br>2006 \u2013 \u201eMalarstwo\u201d, Galeria Nowohuckie Centrum Kultury \u201eCentrum\u201d Krak\u00f3w.<br>2005 \u2013 \u201eNowo\u017ce\u0144cy\u201d, Galeria Steel Forest, Cz\u0119stochowa.<br>2005 \u2013 \u201eZnalezione obrazy\u201d, Galeria Sztuki i Wina Piwnice Margaux, Cz\u0119stochowa.<\/p>\n\n\n\n<figure class=\"wp-block-gallery columns-3 is-cropped\"><ul class=\"blocks-gallery-grid\"><li class=\"blocks-gallery-item\"><figure><img loading=\"lazy\" width=\"450\" height=\"378\" src=\"http:\/\/www.malarstwo.ws.ujd.edu.pl\/wp-content\/uploads\/2021\/06\/jakub_jakubowski_przeciaganie_kola_olej_plotno_2017_18_180x210cm-2.jpg\" alt=\"\" data-id=\"120\" data-full-url=\"http:\/\/www.malarstwo.ws.ujd.edu.pl\/wp-content\/uploads\/2021\/06\/jakub_jakubowski_przeciaganie_kola_olej_plotno_2017_18_180x210cm-2.jpg\" data-link=\"http:\/\/www.malarstwo.ws.ujd.edu.pl\/index.php\/dr-hab-jakub-jakubowski\/jakub_jakubowski_przeciaganie_kola_olej_plotno_2017_18_180x210cm-2\/\" class=\"wp-image-120\" srcset=\"http:\/\/www.malarstwo.ws.ujd.edu.pl\/wp-content\/uploads\/2021\/06\/jakub_jakubowski_przeciaganie_kola_olej_plotno_2017_18_180x210cm-2.jpg 450w, http:\/\/www.malarstwo.ws.ujd.edu.pl\/wp-content\/uploads\/2021\/06\/jakub_jakubowski_przeciaganie_kola_olej_plotno_2017_18_180x210cm-2-300x252.jpg 300w\" sizes=\"(max-width: 450px) 100vw, 450px\" \/><\/figure><\/li><li class=\"blocks-gallery-item\"><figure><img loading=\"lazy\" width=\"750\" height=\"995\" src=\"http:\/\/www.malarstwo.ws.ujd.edu.pl\/wp-content\/uploads\/2021\/06\/jakub_jakubowski_spotkanie_1_olej_plotno_2018_120x90cm-2.jpg\" alt=\"\" data-id=\"121\" data-full-url=\"http:\/\/www.malarstwo.ws.ujd.edu.pl\/wp-content\/uploads\/2021\/06\/jakub_jakubowski_spotkanie_1_olej_plotno_2018_120x90cm-2.jpg\" data-link=\"http:\/\/www.malarstwo.ws.ujd.edu.pl\/index.php\/dr-hab-jakub-jakubowski\/jakub_jakubowski_spotkanie_1_olej_plotno_2018_120x90cm-2\/\" class=\"wp-image-121\" srcset=\"http:\/\/www.malarstwo.ws.ujd.edu.pl\/wp-content\/uploads\/2021\/06\/jakub_jakubowski_spotkanie_1_olej_plotno_2018_120x90cm-2.jpg 750w, http:\/\/www.malarstwo.ws.ujd.edu.pl\/wp-content\/uploads\/2021\/06\/jakub_jakubowski_spotkanie_1_olej_plotno_2018_120x90cm-2-226x300.jpg 226w\" sizes=\"(max-width: 750px) 100vw, 750px\" \/><\/figure><\/li><li class=\"blocks-gallery-item\"><figure><img loading=\"lazy\" width=\"750\" height=\"1007\" src=\"http:\/\/www.malarstwo.ws.ujd.edu.pl\/wp-content\/uploads\/2021\/06\/jakub_jakubowski_spotkanie_2_olej_plotno_2018_120x90cm-2.jpg\" alt=\"\" data-id=\"122\" data-full-url=\"http:\/\/www.malarstwo.ws.ujd.edu.pl\/wp-content\/uploads\/2021\/06\/jakub_jakubowski_spotkanie_2_olej_plotno_2018_120x90cm-2.jpg\" data-link=\"http:\/\/www.malarstwo.ws.ujd.edu.pl\/index.php\/dr-hab-jakub-jakubowski\/jakub_jakubowski_spotkanie_2_olej_plotno_2018_120x90cm-2\/\" class=\"wp-image-122\" srcset=\"http:\/\/www.malarstwo.ws.ujd.edu.pl\/wp-content\/uploads\/2021\/06\/jakub_jakubowski_spotkanie_2_olej_plotno_2018_120x90cm-2.jpg 750w, http:\/\/www.malarstwo.ws.ujd.edu.pl\/wp-content\/uploads\/2021\/06\/jakub_jakubowski_spotkanie_2_olej_plotno_2018_120x90cm-2-223x300.jpg 223w\" sizes=\"(max-width: 750px) 100vw, 750px\" \/><\/figure><\/li><li class=\"blocks-gallery-item\"><figure><img loading=\"lazy\" width=\"740\" height=\"1024\" src=\"http:\/\/www.malarstwo.ws.ujd.edu.pl\/wp-content\/uploads\/2021\/06\/jakub_jakubowski_spotkanie_olej_plotno_2018_120x90cm-2-740x1024-1.jpg\" alt=\"\" data-id=\"123\" data-full-url=\"http:\/\/www.malarstwo.ws.ujd.edu.pl\/wp-content\/uploads\/2021\/06\/jakub_jakubowski_spotkanie_olej_plotno_2018_120x90cm-2-740x1024-1.jpg\" data-link=\"http:\/\/www.malarstwo.ws.ujd.edu.pl\/index.php\/dr-hab-jakub-jakubowski\/jakub_jakubowski_spotkanie_olej_plotno_2018_120x90cm-2-740x1024-1\/\" class=\"wp-image-123\" srcset=\"http:\/\/www.malarstwo.ws.ujd.edu.pl\/wp-content\/uploads\/2021\/06\/jakub_jakubowski_spotkanie_olej_plotno_2018_120x90cm-2-740x1024-1.jpg 740w, http:\/\/www.malarstwo.ws.ujd.edu.pl\/wp-content\/uploads\/2021\/06\/jakub_jakubowski_spotkanie_olej_plotno_2018_120x90cm-2-740x1024-1-217x300.jpg 217w\" sizes=\"(max-width: 740px) 100vw, 740px\" \/><\/figure><\/li><li class=\"blocks-gallery-item\"><figure><img loading=\"lazy\" width=\"900\" height=\"835\" src=\"http:\/\/www.malarstwo.ws.ujd.edu.pl\/wp-content\/uploads\/2021\/06\/jakub_jakubowski_zaplatanie_kola_olej_plotno_2017_18_210x210cm-2.jpg\" alt=\"\" data-id=\"124\" data-full-url=\"http:\/\/www.malarstwo.ws.ujd.edu.pl\/wp-content\/uploads\/2021\/06\/jakub_jakubowski_zaplatanie_kola_olej_plotno_2017_18_210x210cm-2.jpg\" data-link=\"http:\/\/www.malarstwo.ws.ujd.edu.pl\/index.php\/dr-hab-jakub-jakubowski\/jakub_jakubowski_zaplatanie_kola_olej_plotno_2017_18_210x210cm-2\/\" class=\"wp-image-124\" srcset=\"http:\/\/www.malarstwo.ws.ujd.edu.pl\/wp-content\/uploads\/2021\/06\/jakub_jakubowski_zaplatanie_kola_olej_plotno_2017_18_210x210cm-2.jpg 900w, http:\/\/www.malarstwo.ws.ujd.edu.pl\/wp-content\/uploads\/2021\/06\/jakub_jakubowski_zaplatanie_kola_olej_plotno_2017_18_210x210cm-2-300x278.jpg 300w, http:\/\/www.malarstwo.ws.ujd.edu.pl\/wp-content\/uploads\/2021\/06\/jakub_jakubowski_zaplatanie_kola_olej_plotno_2017_18_210x210cm-2-768x713.jpg 768w\" sizes=\"(max-width: 900px) 100vw, 900px\" \/><\/figure><\/li><\/ul><\/figure>\n","protected":false},"excerpt":{"rendered":"<p>Jakub Jakubowski, rocznik 80. Mieszka i pracuje w Cz\u0119stochowie.Absolwent Akademii im. Jana D\u0142ugosza w Cz\u0119stochowie, Wydzia\u0142 Artystyczny \u2013 Malarstwo. Autor kilkunastu wystaw indywidualnych, uczestnik kilkudziesi\u0119ciu wystaw zbiorowych. Trzykrotny stypendysta Prezydenta Miasta Cz\u0119stochowy. Przew\u00f3d doktorski zrealizowa\u0142 w Akademii Sztuk Pi\u0119knych w Katowicach.Na co dzie\u0144 zwi\u0105zany z Katedr\u0105 Malarstwa, Akademii im. Jana D\u0142ugosza w Cz\u0119stochowie gdzie uczy [&hellip;]<\/p>\n","protected":false},"author":2,"featured_media":0,"parent":0,"menu_order":0,"comment_status":"closed","ping_status":"closed","template":"","meta":[],"_links":{"self":[{"href":"http:\/\/www.malarstwo.ws.ujd.edu.pl\/index.php\/wp-json\/wp\/v2\/pages\/112"}],"collection":[{"href":"http:\/\/www.malarstwo.ws.ujd.edu.pl\/index.php\/wp-json\/wp\/v2\/pages"}],"about":[{"href":"http:\/\/www.malarstwo.ws.ujd.edu.pl\/index.php\/wp-json\/wp\/v2\/types\/page"}],"author":[{"embeddable":true,"href":"http:\/\/www.malarstwo.ws.ujd.edu.pl\/index.php\/wp-json\/wp\/v2\/users\/2"}],"replies":[{"embeddable":true,"href":"http:\/\/www.malarstwo.ws.ujd.edu.pl\/index.php\/wp-json\/wp\/v2\/comments?post=112"}],"version-history":[{"count":3,"href":"http:\/\/www.malarstwo.ws.ujd.edu.pl\/index.php\/wp-json\/wp\/v2\/pages\/112\/revisions"}],"predecessor-version":[{"id":230,"href":"http:\/\/www.malarstwo.ws.ujd.edu.pl\/index.php\/wp-json\/wp\/v2\/pages\/112\/revisions\/230"}],"wp:attachment":[{"href":"http:\/\/www.malarstwo.ws.ujd.edu.pl\/index.php\/wp-json\/wp\/v2\/media?parent=112"}],"curies":[{"name":"wp","href":"https:\/\/api.w.org\/{rel}","templated":true}]}}