{"id":148,"date":"2021-06-05T13:12:50","date_gmt":"2021-06-05T11:12:50","guid":{"rendered":"http:\/\/www.malarstwo.ws.ujd.edu.pl\/?page_id=148"},"modified":"2021-06-05T18:40:01","modified_gmt":"2021-06-05T16:40:01","slug":"mgr-tadeusz-kosela","status":"publish","type":"page","link":"http:\/\/www.malarstwo.ws.ujd.edu.pl\/index.php\/mgr-tadeusz-kosela\/","title":{"rendered":"mgr Tadeusz Kosela"},"content":{"rendered":"\n<div class=\"wp-block-image is-style-rounded\"><figure class=\"aligncenter size-large\"><img loading=\"lazy\" width=\"263\" height=\"300\" src=\"http:\/\/www.malarstwo.ws.ujd.edu.pl\/wp-content\/uploads\/2021\/06\/Tadeusz-Kosela-portret-I-263x300-1.jpg\" alt=\"\" class=\"wp-image-149\"\/><\/figure><\/div>\n\n\n\n<p class=\"has-text-align-center\">Urodzi\u0142em si\u0119 w 1955 roku w Cz\u0119stochowie. Jestem absolwentem Akademii Sztuk Pi\u0119knych w Krakowie, dyplom uzyska\u0142em w 1984 r. Od 2005 roku zwi\u0105zany z Uniwersytetem Humanistyczno \u2013 Przyrodniczym im. Jana D\u0142ugoszaw Cz\u0119stochowie. Dzia\u0142alno\u015b\u0107 artystyczn\u0105 uprawiam w zakresie architektury wn\u0119trz, malarstwa oraz rysunku.<\/p>\n\n\n\n<p class=\"has-text-align-center\">Moje kompozycj\u0119 z elementami figuratywnymi lub abstrakcyjne r\u00f3wnowa\u017c\u0105 poziomy z pionami, kontrastowo zestawione s\u0105 akcenty kolorystyczne: mocne i zgaszone. Wa\u017cne jest dla mnie przede wszystkim warstwa gry kolorystycznej, zachodz\u0105cej w zmiennych temperaturowo tonacjach, najcz\u0119\u015bciej do wydobywania kontrast\u00f3w.<br>Kolor ze swym ekspresyjnym dzia\u0142aniem przekazuj\u0105 stany emocjonalne, kt\u00f3re przek\u0142adaj\u0105 si\u0119 na akcje barw, zakamuflowan\u0105 fabu\u0142\u0119 i metafor\u0119. Jestem autorem kilku wystaw indywidualny, a tak\u017ce uczestnik licznych ekspozycji zbiorowych&nbsp; w kraju i zagranic\u0105.<\/p>\n\n\n\n<p class=\"has-text-align-center\">Przyk\u0142adowo:<\/p>\n\n\n\n<p class=\"has-text-align-center\">\u2013 Wystawa malarstwa, Burggalerie Jever, Niemcy 2010<\/p>\n\n\n\n<p class=\"has-text-align-center\">\u2013 KUNSTWERK CARLHUTE, Nord Art&nbsp; 2011 \u2013 Budelsdorf \u2013 Niemcy.<\/p>\n\n\n\n<p class=\"has-text-align-center\">\u2013 Liptovske muzeum v Ro\u017comberku 2014 \u2013 S\u0142owacja.<\/p>\n\n\n\n<p class=\"has-text-align-center\">\u2013&nbsp; ORA ET ARS \u2013 SKALKA 2018 Tren\u0107in, S\u0142owacja.<\/p>\n\n\n\n<p class=\"has-text-align-center\">&nbsp;\u2013 Arte in Cenacolo 2019 \u2013 San Gimignano&nbsp; \u2013 W\u0142ochy<\/p>\n\n\n\n<figure class=\"wp-block-gallery columns-3 is-cropped\"><ul class=\"blocks-gallery-grid\"><li class=\"blocks-gallery-item\"><figure><img loading=\"lazy\" width=\"1024\" height=\"798\" src=\"http:\/\/www.malarstwo.ws.ujd.edu.pl\/wp-content\/uploads\/2021\/06\/1-1024x798-1.jpg\" alt=\"\" data-id=\"150\" data-full-url=\"http:\/\/www.malarstwo.ws.ujd.edu.pl\/wp-content\/uploads\/2021\/06\/1-1024x798-1.jpg\" data-link=\"http:\/\/www.malarstwo.ws.ujd.edu.pl\/?attachment_id=150\" class=\"wp-image-150\" srcset=\"http:\/\/www.malarstwo.ws.ujd.edu.pl\/wp-content\/uploads\/2021\/06\/1-1024x798-1.jpg 1024w, http:\/\/www.malarstwo.ws.ujd.edu.pl\/wp-content\/uploads\/2021\/06\/1-1024x798-1-300x234.jpg 300w, http:\/\/www.malarstwo.ws.ujd.edu.pl\/wp-content\/uploads\/2021\/06\/1-1024x798-1-768x599.jpg 768w\" sizes=\"(max-width: 1024px) 100vw, 1024px\" \/><\/figure><\/li><li class=\"blocks-gallery-item\"><figure><img loading=\"lazy\" width=\"1024\" height=\"868\" src=\"http:\/\/www.malarstwo.ws.ujd.edu.pl\/wp-content\/uploads\/2021\/06\/2-1-1024x868-1.jpg\" alt=\"\" data-id=\"151\" data-full-url=\"http:\/\/www.malarstwo.ws.ujd.edu.pl\/wp-content\/uploads\/2021\/06\/2-1-1024x868-1.jpg\" data-link=\"http:\/\/www.malarstwo.ws.ujd.edu.pl\/?attachment_id=151\" class=\"wp-image-151\" srcset=\"http:\/\/www.malarstwo.ws.ujd.edu.pl\/wp-content\/uploads\/2021\/06\/2-1-1024x868-1.jpg 1024w, http:\/\/www.malarstwo.ws.ujd.edu.pl\/wp-content\/uploads\/2021\/06\/2-1-1024x868-1-300x254.jpg 300w, http:\/\/www.malarstwo.ws.ujd.edu.pl\/wp-content\/uploads\/2021\/06\/2-1-1024x868-1-768x651.jpg 768w\" sizes=\"(max-width: 1024px) 100vw, 1024px\" \/><\/figure><\/li><li class=\"blocks-gallery-item\"><figure><img loading=\"lazy\" width=\"712\" height=\"1024\" src=\"http:\/\/www.malarstwo.ws.ujd.edu.pl\/wp-content\/uploads\/2021\/06\/3-712x1024-1.jpg\" alt=\"\" data-id=\"152\" data-full-url=\"http:\/\/www.malarstwo.ws.ujd.edu.pl\/wp-content\/uploads\/2021\/06\/3-712x1024-1.jpg\" data-link=\"http:\/\/www.malarstwo.ws.ujd.edu.pl\/?attachment_id=152\" class=\"wp-image-152\" srcset=\"http:\/\/www.malarstwo.ws.ujd.edu.pl\/wp-content\/uploads\/2021\/06\/3-712x1024-1.jpg 712w, http:\/\/www.malarstwo.ws.ujd.edu.pl\/wp-content\/uploads\/2021\/06\/3-712x1024-1-209x300.jpg 209w\" sizes=\"(max-width: 712px) 100vw, 712px\" \/><\/figure><\/li><li class=\"blocks-gallery-item\"><figure><img loading=\"lazy\" width=\"1024\" height=\"903\" src=\"http:\/\/www.malarstwo.ws.ujd.edu.pl\/wp-content\/uploads\/2021\/06\/4-4-1024x903-1.jpg\" alt=\"\" data-id=\"153\" data-full-url=\"http:\/\/www.malarstwo.ws.ujd.edu.pl\/wp-content\/uploads\/2021\/06\/4-4-1024x903-1.jpg\" data-link=\"http:\/\/www.malarstwo.ws.ujd.edu.pl\/?attachment_id=153\" class=\"wp-image-153\" srcset=\"http:\/\/www.malarstwo.ws.ujd.edu.pl\/wp-content\/uploads\/2021\/06\/4-4-1024x903-1.jpg 1024w, http:\/\/www.malarstwo.ws.ujd.edu.pl\/wp-content\/uploads\/2021\/06\/4-4-1024x903-1-300x265.jpg 300w, http:\/\/www.malarstwo.ws.ujd.edu.pl\/wp-content\/uploads\/2021\/06\/4-4-1024x903-1-768x677.jpg 768w\" sizes=\"(max-width: 1024px) 100vw, 1024px\" \/><\/figure><\/li><\/ul><\/figure>\n","protected":false},"excerpt":{"rendered":"<p>Urodzi\u0142em si\u0119 w 1955 roku w Cz\u0119stochowie. Jestem absolwentem Akademii Sztuk Pi\u0119knych w Krakowie, dyplom uzyska\u0142em w 1984 r. Od 2005 roku zwi\u0105zany z Uniwersytetem Humanistyczno \u2013 Przyrodniczym im. Jana D\u0142ugoszaw Cz\u0119stochowie. Dzia\u0142alno\u015b\u0107 artystyczn\u0105 uprawiam w zakresie architektury wn\u0119trz, malarstwa oraz rysunku. Moje kompozycj\u0119 z elementami figuratywnymi lub abstrakcyjne r\u00f3wnowa\u017c\u0105 poziomy z pionami, kontrastowo zestawione [&hellip;]<\/p>\n","protected":false},"author":2,"featured_media":0,"parent":0,"menu_order":0,"comment_status":"closed","ping_status":"closed","template":"","meta":[],"_links":{"self":[{"href":"http:\/\/www.malarstwo.ws.ujd.edu.pl\/index.php\/wp-json\/wp\/v2\/pages\/148"}],"collection":[{"href":"http:\/\/www.malarstwo.ws.ujd.edu.pl\/index.php\/wp-json\/wp\/v2\/pages"}],"about":[{"href":"http:\/\/www.malarstwo.ws.ujd.edu.pl\/index.php\/wp-json\/wp\/v2\/types\/page"}],"author":[{"embeddable":true,"href":"http:\/\/www.malarstwo.ws.ujd.edu.pl\/index.php\/wp-json\/wp\/v2\/users\/2"}],"replies":[{"embeddable":true,"href":"http:\/\/www.malarstwo.ws.ujd.edu.pl\/index.php\/wp-json\/wp\/v2\/comments?post=148"}],"version-history":[{"count":2,"href":"http:\/\/www.malarstwo.ws.ujd.edu.pl\/index.php\/wp-json\/wp\/v2\/pages\/148\/revisions"}],"predecessor-version":[{"id":234,"href":"http:\/\/www.malarstwo.ws.ujd.edu.pl\/index.php\/wp-json\/wp\/v2\/pages\/148\/revisions\/234"}],"wp:attachment":[{"href":"http:\/\/www.malarstwo.ws.ujd.edu.pl\/index.php\/wp-json\/wp\/v2\/media?parent=148"}],"curies":[{"name":"wp","href":"https:\/\/api.w.org\/{rel}","templated":true}]}}