{"id":251,"date":"2021-07-15T12:13:57","date_gmt":"2021-07-15T10:13:57","guid":{"rendered":"http:\/\/www.malarstwo.ws.ujd.edu.pl\/?page_id=251"},"modified":"2021-07-15T13:31:15","modified_gmt":"2021-07-15T11:31:15","slug":"pracownia-projektowanie-wnetrz-wystawiennictwo","status":"publish","type":"page","link":"http:\/\/www.malarstwo.ws.ujd.edu.pl\/index.php\/pracownia-projektowanie-wnetrz-wystawiennictwo\/","title":{"rendered":"Pracownia: PROJEKTOWANIE WN\u0118TRZ, WYSTAWIENNICTWO"},"content":{"rendered":"\n<div class=\"wp-block-image is-style-rounded\"><figure class=\"aligncenter size-large is-resized\"><img loading=\"lazy\" src=\"http:\/\/www.malarstwo.ws.ujd.edu.pl\/wp-content\/uploads\/2021\/07\/Tadeusz-Kosela-portret-I-263x300-2.jpg\" alt=\"\" class=\"wp-image-253\" width=\"132\" height=\"150\"\/><figcaption>Prowadz\u0105cy: MGR TADEUSZ KOSELA<\/figcaption><\/figure><\/div>\n\n\n\n<p class=\"has-text-align-center\">Projektowanie wn\u0119trz i przestrzeni wystawienniczych w odniesieniu do malarstwa sztalugowego oraz malarstwa \u015bciennego. Poszukiwanie w\u0142asnych sposob\u00f3w projektowania wn\u0119trz i przestrzeni wystawienniczych oraz ich prezentacji w odniesieniu do realizacji malarstwa \u015bciennego. Kolor, \u015bwiat\u0142o i forma jako elementy przestrzeni w projektowaniu wn\u0119trz. \u0106wiczenia po\u0142\u0105czone z korektami i elementami wyk\u0142adu w zakresie projektowania wn\u0119trz oraz zapoznanie si\u0119 z programami graficznymi umo\u017cliwiaj\u0105cymi ich realizacj\u0119 na komputerze \u2013 koncepcja projektowa a projekty realizacyjne.<\/p>\n","protected":false},"excerpt":{"rendered":"<p>Projektowanie wn\u0119trz i przestrzeni wystawienniczych w odniesieniu do malarstwa sztalugowego oraz malarstwa \u015bciennego. Poszukiwanie w\u0142asnych sposob\u00f3w projektowania wn\u0119trz i przestrzeni wystawienniczych oraz ich prezentacji w odniesieniu do realizacji malarstwa \u015bciennego. Kolor, \u015bwiat\u0142o i forma jako elementy przestrzeni w projektowaniu wn\u0119trz. \u0106wiczenia po\u0142\u0105czone z korektami i elementami wyk\u0142adu w zakresie projektowania wn\u0119trz oraz zapoznanie si\u0119 z [&hellip;]<\/p>\n","protected":false},"author":2,"featured_media":0,"parent":0,"menu_order":0,"comment_status":"closed","ping_status":"closed","template":"","meta":[],"_links":{"self":[{"href":"http:\/\/www.malarstwo.ws.ujd.edu.pl\/index.php\/wp-json\/wp\/v2\/pages\/251"}],"collection":[{"href":"http:\/\/www.malarstwo.ws.ujd.edu.pl\/index.php\/wp-json\/wp\/v2\/pages"}],"about":[{"href":"http:\/\/www.malarstwo.ws.ujd.edu.pl\/index.php\/wp-json\/wp\/v2\/types\/page"}],"author":[{"embeddable":true,"href":"http:\/\/www.malarstwo.ws.ujd.edu.pl\/index.php\/wp-json\/wp\/v2\/users\/2"}],"replies":[{"embeddable":true,"href":"http:\/\/www.malarstwo.ws.ujd.edu.pl\/index.php\/wp-json\/wp\/v2\/comments?post=251"}],"version-history":[{"count":4,"href":"http:\/\/www.malarstwo.ws.ujd.edu.pl\/index.php\/wp-json\/wp\/v2\/pages\/251\/revisions"}],"predecessor-version":[{"id":318,"href":"http:\/\/www.malarstwo.ws.ujd.edu.pl\/index.php\/wp-json\/wp\/v2\/pages\/251\/revisions\/318"}],"wp:attachment":[{"href":"http:\/\/www.malarstwo.ws.ujd.edu.pl\/index.php\/wp-json\/wp\/v2\/media?parent=251"}],"curies":[{"name":"wp","href":"https:\/\/api.w.org\/{rel}","templated":true}]}}

Pracownia: PROJEKTOWANIE WNĘTRZ, WYSTAWIENNICTWO

<div class="wp-block-image is-style-rounded"><figure class="aligncenter size-large is-resized"><img loading="lazy" src="http://www.malarstwo.ws.ujd.edu.pl/wp-content/uploads/2021/07/Tadeusz-Kosela-portret-I-263x300-2.jpg" alt="" class="wp-image-253" width="132" height="150"/><figcaption>Prowadzący: MGR TADEUSZ KOSELA</figcaption></figure></div>



<p class="has-text-align-center">Projektowanie wnętrz i przestrzeni wystawienniczych w odniesieniu do malarstwa sztalugowego oraz malarstwa ściennego. Poszukiwanie własnych sposobów projektowania wnętrz i przestrzeni wystawienniczych oraz ich prezentacji w odniesieniu do realizacji malarstwa ściennego. Kolor, światło i forma jako elementy przestrzeni w projektowaniu wnętrz. Ćwiczenia połączone z korektami i elementami wykładu w zakresie projektowania wnętrz oraz zapoznanie się z programami graficznymi umożliwiającymi ich realizację na komputerze – koncepcja projektowa a projekty realizacyjne.</p>

<p>Projektowanie wnętrz i przestrzeni wystawienniczych w odniesieniu do malarstwa sztalugowego oraz malarstwa ściennego. Poszukiwanie własnych sposobów projektowania wnętrz i przestrzeni wystawienniczych oraz ich prezentacji w odniesieniu do realizacji malarstwa ściennego. Kolor, światło i forma jako elementy przestrzeni w projektowaniu wnętrz. Ćwiczenia połączone z korektami i elementami wykładu w zakresie projektowania wnętrz oraz zapoznanie się z [&hellip;]</p>
