{"id":267,"date":"2021-07-15T12:22:07","date_gmt":"2021-07-15T10:22:07","guid":{"rendered":"http:\/\/www.malarstwo.ws.ujd.edu.pl\/?page_id=267"},"modified":"2021-07-15T12:50:06","modified_gmt":"2021-07-15T10:50:06","slug":"pracownia-rysunek-uzupelniajaca-pracownia-dyplomowa","status":"publish","type":"page","link":"http:\/\/www.malarstwo.ws.ujd.edu.pl\/index.php\/pracownia-rysunek-uzupelniajaca-pracownia-dyplomowa\/","title":{"rendered":"RYSUNEK \u2013 UZUPE\u0141NIAJ\u0104CA PRACOWNIA DYPLOMOWA"},"content":{"rendered":"\n<div class=\"wp-block-image is-style-rounded\"><figure class=\"aligncenter size-large is-resized\"><img loading=\"lazy\" src=\"http:\/\/www.malarstwo.ws.ujd.edu.pl\/wp-content\/uploads\/2021\/06\/MagdalenaSnarska_zdjecie-profilowe-1-751x1024.jpg\" alt=\"\" class=\"wp-image-203\" width=\"148\" height=\"202\" srcset=\"http:\/\/www.malarstwo.ws.ujd.edu.pl\/wp-content\/uploads\/2021\/06\/MagdalenaSnarska_zdjecie-profilowe-1-751x1024.jpg 751w, http:\/\/www.malarstwo.ws.ujd.edu.pl\/wp-content\/uploads\/2021\/06\/MagdalenaSnarska_zdjecie-profilowe-1-220x300.jpg 220w, http:\/\/www.malarstwo.ws.ujd.edu.pl\/wp-content\/uploads\/2021\/06\/MagdalenaSnarska_zdjecie-profilowe-1-768x1048.jpg 768w, http:\/\/www.malarstwo.ws.ujd.edu.pl\/wp-content\/uploads\/2021\/06\/MagdalenaSnarska_zdjecie-profilowe-1-1126x1536.jpg 1126w, http:\/\/www.malarstwo.ws.ujd.edu.pl\/wp-content\/uploads\/2021\/06\/MagdalenaSnarska_zdjecie-profilowe-1.jpg 1449w\" sizes=\"(max-width: 148px) 100vw, 148px\" \/><figcaption>Prowadz\u0105cy: DR HAB. MAGDALENA SNARSKA, PROF. UJD.<\/figcaption><\/figure><\/div>\n\n\n\n<p class=\"has-text-align-center\">Tre\u015bci realizowane w mojej uzupe\u0142niaj\u0105cej pracowni z zakresu rysunku s\u0105 zwi\u0105zane ze zjawiskiem \u015bwiat\u0142a, b\u0119d\u0105cym centrum artystycznych bada\u0144 w\u0142asnych. Zagadnieniem, na kt\u00f3rym koncentruj\u0119 uwag\u0119 student\u00f3w, jest odniesienie \u015bwiat\u0142a do innych zjawisk buduj\u0105cych wypowied\u017a rysunkow\u0105, takich jak ekspresja, materia, faktura i bry\u0142a. Pracownia jest miejscem odkrywania prawdy o w\u0142asnej wyobra\u017ani oraz zmaga\u0144 z rysunkiem jako tworzywem, tak aby m\u00f3c opanowa\u0107 jego j\u0119zyk i pos\u0142u\u017cy\u0107 si\u0119 nim w opowie\u015bci o rzeczywisto\u015bci i o samym sobie. Pracownia jest tak\u017ce miejscem wzmacniania odwagi w u\u017cyciu prostych narz\u0119dzi, takich jak o\u0142\u00f3wek, w\u0119giel czy pi\u00f3rko, odwagi, kt\u00f3r\u0105 \u0142atwo tracimy, widz\u0105c jak surowy i r\u00f3\u017cny od otaczaj\u0105cej nas rzeczywisto\u015bci jest pozostawiony przez te narz\u0119dzia \u015blad. Priorytetem mojej pracy pedagogicznej jest dotarcie do osobistych postaw tw\u00f3rczych student\u00f3w i realizacja prac, przy za\u0142o\u017ceniu harmonijnego pog\u0142\u0119biania mo\u017cliwo\u015bci technicznych oraz rozwijania wyobra\u017ani.<\/p>\n","protected":false},"excerpt":{"rendered":"<p>Tre\u015bci realizowane w mojej uzupe\u0142niaj\u0105cej pracowni z zakresu rysunku s\u0105 zwi\u0105zane ze zjawiskiem \u015bwiat\u0142a, b\u0119d\u0105cym centrum artystycznych bada\u0144 w\u0142asnych. Zagadnieniem, na kt\u00f3rym koncentruj\u0119 uwag\u0119 student\u00f3w, jest odniesienie \u015bwiat\u0142a do innych zjawisk buduj\u0105cych wypowied\u017a rysunkow\u0105, takich jak ekspresja, materia, faktura i bry\u0142a. Pracownia jest miejscem odkrywania prawdy o w\u0142asnej wyobra\u017ani oraz zmaga\u0144 z rysunkiem jako tworzywem, [&hellip;]<\/p>\n","protected":false},"author":2,"featured_media":0,"parent":0,"menu_order":0,"comment_status":"closed","ping_status":"closed","template":"","meta":[],"_links":{"self":[{"href":"http:\/\/www.malarstwo.ws.ujd.edu.pl\/index.php\/wp-json\/wp\/v2\/pages\/267"}],"collection":[{"href":"http:\/\/www.malarstwo.ws.ujd.edu.pl\/index.php\/wp-json\/wp\/v2\/pages"}],"about":[{"href":"http:\/\/www.malarstwo.ws.ujd.edu.pl\/index.php\/wp-json\/wp\/v2\/types\/page"}],"author":[{"embeddable":true,"href":"http:\/\/www.malarstwo.ws.ujd.edu.pl\/index.php\/wp-json\/wp\/v2\/users\/2"}],"replies":[{"embeddable":true,"href":"http:\/\/www.malarstwo.ws.ujd.edu.pl\/index.php\/wp-json\/wp\/v2\/comments?post=267"}],"version-history":[{"count":3,"href":"http:\/\/www.malarstwo.ws.ujd.edu.pl\/index.php\/wp-json\/wp\/v2\/pages\/267\/revisions"}],"predecessor-version":[{"id":291,"href":"http:\/\/www.malarstwo.ws.ujd.edu.pl\/index.php\/wp-json\/wp\/v2\/pages\/267\/revisions\/291"}],"wp:attachment":[{"href":"http:\/\/www.malarstwo.ws.ujd.edu.pl\/index.php\/wp-json\/wp\/v2\/media?parent=267"}],"curies":[{"name":"wp","href":"https:\/\/api.w.org\/{rel}","templated":true}]}}