{"id":274,"date":"2021-07-15T12:29:54","date_gmt":"2021-07-15T10:29:54","guid":{"rendered":"http:\/\/www.malarstwo.ws.ujd.edu.pl\/?page_id=274"},"modified":"2021-07-15T13:27:08","modified_gmt":"2021-07-15T11:27:08","slug":"rysunek-uzupelniajaca-pracownia-dyplomowa","status":"publish","type":"page","link":"http:\/\/www.malarstwo.ws.ujd.edu.pl\/index.php\/rysunek-uzupelniajaca-pracownia-dyplomowa\/","title":{"rendered":"RYSUNEK \u2013 UZUPE\u0141NIAJ\u0104CA PRACOWNIA DYPLOMOWA III"},"content":{"rendered":"\n<div class=\"wp-block-image is-style-rounded\"><figure class=\"aligncenter size-large is-resized\"><img loading=\"lazy\" src=\"http:\/\/www.malarstwo.ws.ujd.edu.pl\/wp-content\/uploads\/2021\/06\/photo-225x300-1.jpg\" alt=\"\" class=\"wp-image-113\" width=\"120\" height=\"160\"\/><figcaption>Prowadz\u0105cy:<br>DR HAB. JAKUB JAKUBOWSKI<\/figcaption><\/figure><\/div>\n\n\n\n<p class=\"has-text-align-center\">Charakter pracowni \u2013 pracownia to miejsce \u2013 miejsce tworz\u0105 osoby \u2013 osoby si\u0119 zmieniaj\u0105 \u2013 pracownia ma charakter zmienny. Najwa\u017cniejsza jest rado\u015b\u0107 pozostawienia \u015bladu.<\/p>\n","protected":false},"excerpt":{"rendered":"<p>Charakter pracowni \u2013 pracownia to miejsce \u2013 miejsce tworz\u0105 osoby \u2013 osoby si\u0119 zmieniaj\u0105 \u2013 pracownia ma charakter zmienny. Najwa\u017cniejsza jest rado\u015b\u0107 pozostawienia \u015bladu.<\/p>\n","protected":false},"author":2,"featured_media":0,"parent":0,"menu_order":0,"comment_status":"closed","ping_status":"closed","template":"","meta":[],"_links":{"self":[{"href":"http:\/\/www.malarstwo.ws.ujd.edu.pl\/index.php\/wp-json\/wp\/v2\/pages\/274"}],"collection":[{"href":"http:\/\/www.malarstwo.ws.ujd.edu.pl\/index.php\/wp-json\/wp\/v2\/pages"}],"about":[{"href":"http:\/\/www.malarstwo.ws.ujd.edu.pl\/index.php\/wp-json\/wp\/v2\/types\/page"}],"author":[{"embeddable":true,"href":"http:\/\/www.malarstwo.ws.ujd.edu.pl\/index.php\/wp-json\/wp\/v2\/users\/2"}],"replies":[{"embeddable":true,"href":"http:\/\/www.malarstwo.ws.ujd.edu.pl\/index.php\/wp-json\/wp\/v2\/comments?post=274"}],"version-history":[{"count":4,"href":"http:\/\/www.malarstwo.ws.ujd.edu.pl\/index.php\/wp-json\/wp\/v2\/pages\/274\/revisions"}],"predecessor-version":[{"id":314,"href":"http:\/\/www.malarstwo.ws.ujd.edu.pl\/index.php\/wp-json\/wp\/v2\/pages\/274\/revisions\/314"}],"wp:attachment":[{"href":"http:\/\/www.malarstwo.ws.ujd.edu.pl\/index.php\/wp-json\/wp\/v2\/media?parent=274"}],"curies":[{"name":"wp","href":"https:\/\/api.w.org\/{rel}","templated":true}]}}