{"id":278,"date":"2021-07-15T12:37:10","date_gmt":"2021-07-15T10:37:10","guid":{"rendered":"http:\/\/www.malarstwo.ws.ujd.edu.pl\/?page_id=278"},"modified":"2023-12-11T20:47:32","modified_gmt":"2023-12-11T19:47:32","slug":"pracownia-dyplomowa-malarstwo-i-multimedia","status":"publish","type":"page","link":"http:\/\/www.malarstwo.ws.ujd.edu.pl\/index.php\/pracownia-dyplomowa-malarstwo-i-multimedia\/","title":{"rendered":"PRACOWNIA DYPLOMOWA \u2013 MALARSTWO I MULTIMEDIA"},"content":{"rendered":"\n<div class=\"wp-block-image is-style-rounded\"><figure class=\"aligncenter size-large is-resized\"><img loading=\"lazy\" src=\"http:\/\/www.malarstwo.ws.ujd.edu.pl\/wp-content\/uploads\/2021\/06\/W.-Karankiewicz-foto-1020x1024.jpg\" alt=\"\" class=\"wp-image-181\" width=\"218\" height=\"219\" srcset=\"http:\/\/www.malarstwo.ws.ujd.edu.pl\/wp-content\/uploads\/2021\/06\/W.-Karankiewicz-foto-1020x1024.jpg 1020w, http:\/\/www.malarstwo.ws.ujd.edu.pl\/wp-content\/uploads\/2021\/06\/W.-Karankiewicz-foto-300x300.jpg 300w, http:\/\/www.malarstwo.ws.ujd.edu.pl\/wp-content\/uploads\/2021\/06\/W.-Karankiewicz-foto-150x150.jpg 150w, http:\/\/www.malarstwo.ws.ujd.edu.pl\/wp-content\/uploads\/2021\/06\/W.-Karankiewicz-foto-768x771.jpg 768w, http:\/\/www.malarstwo.ws.ujd.edu.pl\/wp-content\/uploads\/2021\/06\/W.-Karankiewicz-foto-1530x1536.jpg 1530w, http:\/\/www.malarstwo.ws.ujd.edu.pl\/wp-content\/uploads\/2021\/06\/W.-Karankiewicz-foto-2040x2048.jpg 2040w\" sizes=\"(max-width: 218px) 100vw, 218px\" \/><figcaption> Prowadz\u0105cy: DR HAB. W\u0141ODZIMIERZ KARANKIEWICZ, PROF. UJD<br><br><img loading=\"lazy\" width=\"203\" height=\"165\" src=\"http:\/\/www.malarstwo.ws.ujd.edu.pl\/wp-content\/uploads\/2021\/06\/portret-farby-300x244-1.jpg\" alt=\"\"> Prowadz\u0105cy:<br>DR HAB. BARTOSZ FR\u0104CZEK, PROF. UJD<\/figcaption><\/figure><\/div>\n\n\n\n<p class=\"has-text-align-left\">Podstaw\u0119 programu pracowni stanowi\u0105: zagadnienia roli koloru i formy w budowie obrazu (na p\u0142aszczy\u017anie i w przestrzeni publicznej), dzia\u0142ania multimedialne (korespondencja sztuk \/ aspekty ekologiczne w malarstwie \/ barwniki i spoiwa naturalne). Najwa\u017cniejszym elementem procesu nauki malarstwa w naszej pracowni jest wykorzystywanie i rozwijanie do\u015bwiadcze\u0144 koloryzmu i krakowskiej szko\u0142y malarskiej, poniewa\u017c jeste\u015bmy bezpo\u015brednimi spadkobiercami tych warto\u015bci. Istot\u0105 malarstwa jest dla nas kolor. Poprzez poszukiwania w tym obszarze otwieramy drog\u0119 do samodzielno\u015bci student\u00f3w i kszta\u0142tujemy umiej\u0119tno\u015bci pos\u0142ugiwania si\u0119 wiedz\u0105 stanowi\u0105c\u0105 fundament tw\u00f3rczego dzia\u0142ania w kreacji artystycznej. Cele kszta\u0142cenia w naszej pracowni to rozwijanie umiej\u0119tno\u015bci pos\u0142ugiwania si\u0119 wsp\u00f3\u0142czesnymi \u015brodkami wyrazu artystycznego, uszanowanie indywidualnej wra\u017cliwo\u015bci, budowanie \u015bwiadomo\u015bci artystycznej i odpowiedzialno\u015bci za postaw\u0119 artystyczn\u0105, kszta\u0142towanie potrzeby czerpania z dziedzictwa kulturowego i uczestnictwa w mi\u0119dzynarodowej wymianie do\u015bwiadcze\u0144 w obszarze sztuki, stosowanie formu\u0142y mistrz\u2013ucze\u0144 jako podstawy pracy tw\u00f3rcze<\/p>\n","protected":false},"excerpt":{"rendered":"<p>Podstaw\u0119 programu pracowni stanowi\u0105: zagadnienia roli koloru i formy w budowie obrazu (na p\u0142aszczy\u017anie i w przestrzeni publicznej), dzia\u0142ania multimedialne (korespondencja sztuk \/ aspekty ekologiczne w malarstwie \/ barwniki i spoiwa naturalne). Najwa\u017cniejszym elementem procesu nauki malarstwa w naszej pracowni jest wykorzystywanie i rozwijanie do\u015bwiadcze\u0144 koloryzmu i krakowskiej szko\u0142y malarskiej, poniewa\u017c jeste\u015bmy bezpo\u015brednimi spadkobiercami tych [&hellip;]<\/p>\n","protected":false},"author":2,"featured_media":0,"parent":0,"menu_order":0,"comment_status":"closed","ping_status":"closed","template":"","meta":[],"_links":{"self":[{"href":"http:\/\/www.malarstwo.ws.ujd.edu.pl\/index.php\/wp-json\/wp\/v2\/pages\/278"}],"collection":[{"href":"http:\/\/www.malarstwo.ws.ujd.edu.pl\/index.php\/wp-json\/wp\/v2\/pages"}],"about":[{"href":"http:\/\/www.malarstwo.ws.ujd.edu.pl\/index.php\/wp-json\/wp\/v2\/types\/page"}],"author":[{"embeddable":true,"href":"http:\/\/www.malarstwo.ws.ujd.edu.pl\/index.php\/wp-json\/wp\/v2\/users\/2"}],"replies":[{"embeddable":true,"href":"http:\/\/www.malarstwo.ws.ujd.edu.pl\/index.php\/wp-json\/wp\/v2\/comments?post=278"}],"version-history":[{"count":7,"href":"http:\/\/www.malarstwo.ws.ujd.edu.pl\/index.php\/wp-json\/wp\/v2\/pages\/278\/revisions"}],"predecessor-version":[{"id":344,"href":"http:\/\/www.malarstwo.ws.ujd.edu.pl\/index.php\/wp-json\/wp\/v2\/pages\/278\/revisions\/344"}],"wp:attachment":[{"href":"http:\/\/www.malarstwo.ws.ujd.edu.pl\/index.php\/wp-json\/wp\/v2\/media?parent=278"}],"curies":[{"name":"wp","href":"https:\/\/api.w.org\/{rel}","templated":true}]}}

<div class="wp-block-image is-style-rounded"><figure class="aligncenter size-large is-resized"><img loading="lazy" src="http://www.malarstwo.ws.ujd.edu.pl/wp-content/uploads/2021/06/W.-Karankiewicz-foto-1020x1024.jpg" alt="" class="wp-image-181" width="218" height="219" srcset="http://www.malarstwo.ws.ujd.edu.pl/wp-content/uploads/2021/06/W.-Karankiewicz-foto-1020x1024.jpg 1020w, http://www.malarstwo.ws.ujd.edu.pl/wp-content/uploads/2021/06/W.-Karankiewicz-foto-300x300.jpg 300w, http://www.malarstwo.ws.ujd.edu.pl/wp-content/uploads/2021/06/W.-Karankiewicz-foto-150x150.jpg 150w, http://www.malarstwo.ws.ujd.edu.pl/wp-content/uploads/2021/06/W.-Karankiewicz-foto-768x771.jpg 768w, http://www.malarstwo.ws.ujd.edu.pl/wp-content/uploads/2021/06/W.-Karankiewicz-foto-1530x1536.jpg 1530w, http://www.malarstwo.ws.ujd.edu.pl/wp-content/uploads/2021/06/W.-Karankiewicz-foto-2040x2048.jpg 2040w" sizes="(max-width: 218px) 100vw, 218px" /><figcaption> Prowadzący: DR HAB. WŁODZIMIERZ KARANKIEWICZ, PROF. UJD<br><br><img loading="lazy" width="203" height="165" src="http://www.malarstwo.ws.ujd.edu.pl/wp-content/uploads/2021/06/portret-farby-300x244-1.jpg" alt=""> Prowadzący:<br>DR HAB. BARTOSZ FRĄCZEK, PROF. UJD</figcaption></figure></div>



<p class="has-text-align-left">Podstawę programu pracowni stanowią: zagadnienia roli koloru i formy w budowie obrazu (na płaszczyźnie i w przestrzeni publicznej), działania multimedialne (korespondencja sztuk / aspekty ekologiczne w malarstwie / barwniki i spoiwa naturalne). Najważniejszym elementem procesu nauki malarstwa w naszej pracowni jest wykorzystywanie i rozwijanie doświadczeń koloryzmu i krakowskiej szkoły malarskiej, ponieważ jesteśmy bezpośrednimi spadkobiercami tych wartości. Istotą malarstwa jest dla nas kolor. Poprzez poszukiwania w tym obszarze otwieramy drogę do samodzielności studentów i kształtujemy umiejętności posługiwania się wiedzą stanowiącą fundament twórczego działania w kreacji artystycznej. Cele kształcenia w naszej pracowni to rozwijanie umiejętności posługiwania się współczesnymi środkami wyrazu artystycznego, uszanowanie indywidualnej wrażliwości, budowanie świadomości artystycznej i odpowiedzialności za postawę artystyczną, kształtowanie potrzeby czerpania z dziedzictwa kulturowego i uczestnictwa w międzynarodowej wymianie doświadczeń w obszarze sztuki, stosowanie formuły mistrz–uczeń jako podstawy pracy twórcze</p>

<p>Podstawę programu pracowni stanowią: zagadnienia roli koloru i formy w budowie obrazu (na płaszczyźnie i w przestrzeni publicznej), działania multimedialne (korespondencja sztuk / aspekty ekologiczne w malarstwie / barwniki i spoiwa naturalne). Najważniejszym elementem procesu nauki malarstwa w naszej pracowni jest wykorzystywanie i rozwijanie doświadczeń koloryzmu i krakowskiej szkoły malarskiej, ponieważ jesteśmy bezpośrednimi spadkobiercami tych [&hellip;]</p>
