{"id":303,"date":"2021-07-15T13:02:14","date_gmt":"2021-07-15T11:02:14","guid":{"rendered":"http:\/\/www.malarstwo.ws.ujd.edu.pl\/?page_id=303"},"modified":"2021-07-15T13:02:14","modified_gmt":"2021-07-15T11:02:14","slug":"pracownia-dyplomowa-malarstwo-i-klasyczne-techniki-malarskie","status":"publish","type":"page","link":"http:\/\/www.malarstwo.ws.ujd.edu.pl\/index.php\/pracownia-dyplomowa-malarstwo-i-klasyczne-techniki-malarskie\/","title":{"rendered":"PRACOWNIA DYPLOMOWA \u2013 MALARSTWO I KLASYCZNE TECHNIKI MALARSKIE"},"content":{"rendered":"\n<div class=\"wp-block-image is-style-rounded\"><figure class=\"aligncenter size-large is-resized\"><img loading=\"lazy\" src=\"http:\/\/www.malarstwo.ws.ujd.edu.pl\/wp-content\/uploads\/2021\/06\/JRG-1-1024x1024.jpg\" alt=\"\" class=\"wp-image-198\" width=\"178\" height=\"178\" srcset=\"http:\/\/www.malarstwo.ws.ujd.edu.pl\/wp-content\/uploads\/2021\/06\/JRG-1-1024x1024.jpg 1024w, http:\/\/www.malarstwo.ws.ujd.edu.pl\/wp-content\/uploads\/2021\/06\/JRG-1-300x300.jpg 300w, http:\/\/www.malarstwo.ws.ujd.edu.pl\/wp-content\/uploads\/2021\/06\/JRG-1-150x150.jpg 150w, http:\/\/www.malarstwo.ws.ujd.edu.pl\/wp-content\/uploads\/2021\/06\/JRG-1-768x769.jpg 768w, http:\/\/www.malarstwo.ws.ujd.edu.pl\/wp-content\/uploads\/2021\/06\/JRG-1.jpg 1079w\" sizes=\"(max-width: 178px) 100vw, 178px\" \/><figcaption>Prowadz\u0105cy:<br>DR HAB. JANUSZ G\u0141OWACKI, PROF. UJD<\/figcaption><\/figure><\/div>\n\n\n\n<p class=\"has-text-align-center\">Gdyby kto\u015b si\u0119 spyta\u0142, jaki ma charakter \u201ePracownia nr 125\u201d, bo tak\u0105 ma opisow\u0105 administracyjn\u0105 nomenklatur\u0119, to nie us\u0142ysza\u0142by jednoznacznej odpowiedzi. Charakter i klimat tej pracowni tworz\u0105 studenci, kt\u00f3rzy j\u0105 wybieraj\u0105. Pracujemy w ten spos\u00f3b, aby w jak najmniejszym stopniu ingerowa\u0107 w ich osobowo\u015b\u0107, aby t\u0119 osobowo\u015b\u0107 wspiera\u0107 w dociekliwo\u015bci kreatywnej, da\u0107 szans\u0119 na samorealizacj\u0119, samodyscyplin\u0119 i samokszta\u0142cenie, przy dobrym wsparciu uczciwej korekty. Korekta na etapie prac studyjnych ma charakter nakazowy, koryguj\u0105cy i u\u015bwiadamiaj\u0105cy pope\u0142nione b\u0142\u0119dy. W \u0107wiczeniach tematycznych, cz\u0119sto maj\u0105cych wyd\u017awi\u0119k metaforyczny, stosujemy korekt\u0119 o charakterze sugestywno-refleksyjnym. Jej celem jest wprowadzenie wielotorowo\u015bci my\u015blenia, do uwidocznienia tego co wcze\u015bniej by\u0142o niewidzialne, by\u0142o za mg\u0142\u0105 skrywanej nie\u015bwiadomo\u015bci. Naszym pragnieniem jest u\u015bwiadomienie studentom, co jest malarskim j\u0119zykiem tw\u00f3rczym, co mo\u017ce nim by\u0107, co jest j\u0119zykiem odtw\u00f3rczym i nie mo\u017ce by\u0107 tw\u00f3rczym, bo blokujemy si\u0119 sklerozotw\u00f3rcz\u0105 przypad\u0142o\u015bci\u0105 podobania si\u0119 otoczeniu.<\/p>\n","protected":false},"excerpt":{"rendered":"<p>Gdyby kto\u015b si\u0119 spyta\u0142, jaki ma charakter \u201ePracownia nr 125\u201d, bo tak\u0105 ma opisow\u0105 administracyjn\u0105 nomenklatur\u0119, to nie us\u0142ysza\u0142by jednoznacznej odpowiedzi. Charakter i klimat tej pracowni tworz\u0105 studenci, kt\u00f3rzy j\u0105 wybieraj\u0105. Pracujemy w ten spos\u00f3b, aby w jak najmniejszym stopniu ingerowa\u0107 w ich osobowo\u015b\u0107, aby t\u0119 osobowo\u015b\u0107 wspiera\u0107 w dociekliwo\u015bci kreatywnej, da\u0107 szans\u0119 na samorealizacj\u0119, [&hellip;]<\/p>\n","protected":false},"author":2,"featured_media":0,"parent":0,"menu_order":0,"comment_status":"closed","ping_status":"closed","template":"","meta":[],"_links":{"self":[{"href":"http:\/\/www.malarstwo.ws.ujd.edu.pl\/index.php\/wp-json\/wp\/v2\/pages\/303"}],"collection":[{"href":"http:\/\/www.malarstwo.ws.ujd.edu.pl\/index.php\/wp-json\/wp\/v2\/pages"}],"about":[{"href":"http:\/\/www.malarstwo.ws.ujd.edu.pl\/index.php\/wp-json\/wp\/v2\/types\/page"}],"author":[{"embeddable":true,"href":"http:\/\/www.malarstwo.ws.ujd.edu.pl\/index.php\/wp-json\/wp\/v2\/users\/2"}],"replies":[{"embeddable":true,"href":"http:\/\/www.malarstwo.ws.ujd.edu.pl\/index.php\/wp-json\/wp\/v2\/comments?post=303"}],"version-history":[{"count":1,"href":"http:\/\/www.malarstwo.ws.ujd.edu.pl\/index.php\/wp-json\/wp\/v2\/pages\/303\/revisions"}],"predecessor-version":[{"id":304,"href":"http:\/\/www.malarstwo.ws.ujd.edu.pl\/index.php\/wp-json\/wp\/v2\/pages\/303\/revisions\/304"}],"wp:attachment":[{"href":"http:\/\/www.malarstwo.ws.ujd.edu.pl\/index.php\/wp-json\/wp\/v2\/media?parent=303"}],"curies":[{"name":"wp","href":"https:\/\/api.w.org\/{rel}","templated":true}]}}