{"id":51,"date":"2021-06-04T19:25:49","date_gmt":"2021-06-04T17:25:49","guid":{"rendered":"http:\/\/www.malarstwo.ws.ujd.edu.pl\/?page_id=51"},"modified":"2021-06-05T18:07:02","modified_gmt":"2021-06-05T16:07:02","slug":"dr-hab-wlodzimierz-karankiewicz","status":"publish","type":"page","link":"http:\/\/www.malarstwo.ws.ujd.edu.pl\/index.php\/dr-hab-wlodzimierz-karankiewicz\/","title":{"rendered":"dr hab. W\u0142odzimierz Karankiewicz, prof. UJD"},"content":{"rendered":"\n<div class=\"wp-block-image is-style-rounded\"><figure class=\"aligncenter size-large is-resized\"><img loading=\"lazy\" src=\"http:\/\/www.malarstwo.ws.ujd.edu.pl\/wp-content\/uploads\/2021\/06\/W.-Karankiewicz-foto-1020x1024.jpg\" alt=\"\" class=\"wp-image-181\" width=\"328\" height=\"329\" srcset=\"http:\/\/www.malarstwo.ws.ujd.edu.pl\/wp-content\/uploads\/2021\/06\/W.-Karankiewicz-foto-1020x1024.jpg 1020w, http:\/\/www.malarstwo.ws.ujd.edu.pl\/wp-content\/uploads\/2021\/06\/W.-Karankiewicz-foto-300x300.jpg 300w, http:\/\/www.malarstwo.ws.ujd.edu.pl\/wp-content\/uploads\/2021\/06\/W.-Karankiewicz-foto-150x150.jpg 150w, http:\/\/www.malarstwo.ws.ujd.edu.pl\/wp-content\/uploads\/2021\/06\/W.-Karankiewicz-foto-768x771.jpg 768w, http:\/\/www.malarstwo.ws.ujd.edu.pl\/wp-content\/uploads\/2021\/06\/W.-Karankiewicz-foto-1530x1536.jpg 1530w, http:\/\/www.malarstwo.ws.ujd.edu.pl\/wp-content\/uploads\/2021\/06\/W.-Karankiewicz-foto-2040x2048.jpg 2040w\" sizes=\"(max-width: 328px) 100vw, 328px\" \/><\/figure><\/div>\n\n\n\n<p><strong>Dr hab. W\u0142odzimierz Karankiewicz prof. uniwersytetu.<\/strong><\/p>\n\n\n\n<p>Studia \/dyplom z wyr\u00f3\u017cnieniem w prac. prof. J.Szancenbacha\/ doktorat i habilitacja na Wydziale Malarstwa ASP w Krakowie. Malarz i pedagog. Trzydzie\u015bci lat akademickich do\u015bwiadcze\u0144 dydaktycznych \/Polska, Niemcy, Czechy, S\u0142owacja, Chorwacja i Chiny\/. Kurator presti\u017cowych mi\u0119dzynarodowych wystaw sztuki wsp\u00f3\u0142czesnej \/Polska, Austria, W\u0142ochy, Chorwacja i Chiny\/. Inicjator \/z Bartoszem Fr\u0105czkiem\/ i kierownik czterech edycji Mi\u0119dzynarodowego Festiwalu Sztuki \u201eINCIDENT-ACCIDENT\u201d. Wsp\u00f3\u0142pracuje z o\u015brodkami artystycznymi i akademickimi na ca\u0142ym \u015bwiecie.<\/p>\n\n\n\n<figure class=\"wp-block-gallery columns-3 is-cropped\"><ul class=\"blocks-gallery-grid\"><li class=\"blocks-gallery-item\"><figure><img loading=\"lazy\" width=\"612\" height=\"1024\" src=\"http:\/\/www.malarstwo.ws.ujd.edu.pl\/wp-content\/uploads\/2021\/06\/W.-Karankiewicz_Velum-1_265x150-cm-2020-612x1024.jpg\" alt=\"\" data-id=\"183\" data-full-url=\"http:\/\/www.malarstwo.ws.ujd.edu.pl\/wp-content\/uploads\/2021\/06\/W.-Karankiewicz_Velum-1_265x150-cm-2020-scaled.jpg\" data-link=\"http:\/\/www.malarstwo.ws.ujd.edu.pl\/index.php\/dr-hab-wlodzimierz-karankiewicz\/w-karankiewicz_velum-1_265x150-cm-2020\/\" class=\"wp-image-183\" srcset=\"http:\/\/www.malarstwo.ws.ujd.edu.pl\/wp-content\/uploads\/2021\/06\/W.-Karankiewicz_Velum-1_265x150-cm-2020-612x1024.jpg 612w, http:\/\/www.malarstwo.ws.ujd.edu.pl\/wp-content\/uploads\/2021\/06\/W.-Karankiewicz_Velum-1_265x150-cm-2020-179x300.jpg 179w, http:\/\/www.malarstwo.ws.ujd.edu.pl\/wp-content\/uploads\/2021\/06\/W.-Karankiewicz_Velum-1_265x150-cm-2020-768x1286.jpg 768w, http:\/\/www.malarstwo.ws.ujd.edu.pl\/wp-content\/uploads\/2021\/06\/W.-Karankiewicz_Velum-1_265x150-cm-2020-918x1536.jpg 918w, http:\/\/www.malarstwo.ws.ujd.edu.pl\/wp-content\/uploads\/2021\/06\/W.-Karankiewicz_Velum-1_265x150-cm-2020-1223x2048.jpg 1223w, http:\/\/www.malarstwo.ws.ujd.edu.pl\/wp-content\/uploads\/2021\/06\/W.-Karankiewicz_Velum-1_265x150-cm-2020-scaled.jpg 1529w\" sizes=\"(max-width: 612px) 100vw, 612px\" \/><\/figure><\/li><li class=\"blocks-gallery-item\"><figure><img loading=\"lazy\" width=\"580\" height=\"1024\" src=\"http:\/\/www.malarstwo.ws.ujd.edu.pl\/wp-content\/uploads\/2021\/06\/Wlodek_Velum-2_265x150-cm-2020-580x1024.jpg\" alt=\"\" data-id=\"184\" data-full-url=\"http:\/\/www.malarstwo.ws.ujd.edu.pl\/wp-content\/uploads\/2021\/06\/Wlodek_Velum-2_265x150-cm-2020-scaled.jpg\" data-link=\"http:\/\/www.malarstwo.ws.ujd.edu.pl\/index.php\/dr-hab-wlodzimierz-karankiewicz\/wlodek_velum-2_265x150-cm-2020\/\" class=\"wp-image-184\" srcset=\"http:\/\/www.malarstwo.ws.ujd.edu.pl\/wp-content\/uploads\/2021\/06\/Wlodek_Velum-2_265x150-cm-2020-580x1024.jpg 580w, http:\/\/www.malarstwo.ws.ujd.edu.pl\/wp-content\/uploads\/2021\/06\/Wlodek_Velum-2_265x150-cm-2020-170x300.jpg 170w, http:\/\/www.malarstwo.ws.ujd.edu.pl\/wp-content\/uploads\/2021\/06\/Wlodek_Velum-2_265x150-cm-2020-768x1355.jpg 768w, http:\/\/www.malarstwo.ws.ujd.edu.pl\/wp-content\/uploads\/2021\/06\/Wlodek_Velum-2_265x150-cm-2020-871x1536.jpg 871w, http:\/\/www.malarstwo.ws.ujd.edu.pl\/wp-content\/uploads\/2021\/06\/Wlodek_Velum-2_265x150-cm-2020-1161x2048.jpg 1161w, http:\/\/www.malarstwo.ws.ujd.edu.pl\/wp-content\/uploads\/2021\/06\/Wlodek_Velum-2_265x150-cm-2020-scaled.jpg 1451w\" sizes=\"(max-width: 580px) 100vw, 580px\" \/><\/figure><\/li><li class=\"blocks-gallery-item\"><figure><img loading=\"lazy\" width=\"619\" height=\"1024\" src=\"http:\/\/www.malarstwo.ws.ujd.edu.pl\/wp-content\/uploads\/2021\/06\/Wlodek_Velum-5_265x150-cm-2020-619x1024.jpg\" alt=\"\" data-id=\"185\" data-full-url=\"http:\/\/www.malarstwo.ws.ujd.edu.pl\/wp-content\/uploads\/2021\/06\/Wlodek_Velum-5_265x150-cm-2020-scaled.jpg\" data-link=\"http:\/\/www.malarstwo.ws.ujd.edu.pl\/index.php\/dr-hab-wlodzimierz-karankiewicz\/wlodek_velum-5_265x150-cm-2020\/\" class=\"wp-image-185\" srcset=\"http:\/\/www.malarstwo.ws.ujd.edu.pl\/wp-content\/uploads\/2021\/06\/Wlodek_Velum-5_265x150-cm-2020-619x1024.jpg 619w, http:\/\/www.malarstwo.ws.ujd.edu.pl\/wp-content\/uploads\/2021\/06\/Wlodek_Velum-5_265x150-cm-2020-181x300.jpg 181w, http:\/\/www.malarstwo.ws.ujd.edu.pl\/wp-content\/uploads\/2021\/06\/Wlodek_Velum-5_265x150-cm-2020-768x1271.jpg 768w, http:\/\/www.malarstwo.ws.ujd.edu.pl\/wp-content\/uploads\/2021\/06\/Wlodek_Velum-5_265x150-cm-2020-928x1536.jpg 928w, http:\/\/www.malarstwo.ws.ujd.edu.pl\/wp-content\/uploads\/2021\/06\/Wlodek_Velum-5_265x150-cm-2020-1237x2048.jpg 1237w, http:\/\/www.malarstwo.ws.ujd.edu.pl\/wp-content\/uploads\/2021\/06\/Wlodek_Velum-5_265x150-cm-2020-scaled.jpg 1546w\" sizes=\"(max-width: 619px) 100vw, 619px\" \/><\/figure><\/li><\/ul><\/figure>\n","protected":false},"excerpt":{"rendered":"<p>Dr hab. W\u0142odzimierz Karankiewicz prof. uniwersytetu. Studia \/dyplom z wyr\u00f3\u017cnieniem w prac. prof. J.Szancenbacha\/ doktorat i habilitacja na Wydziale Malarstwa ASP w Krakowie. Malarz i pedagog. Trzydzie\u015bci lat akademickich do\u015bwiadcze\u0144 dydaktycznych \/Polska, Niemcy, Czechy, S\u0142owacja, Chorwacja i Chiny\/. Kurator presti\u017cowych mi\u0119dzynarodowych wystaw sztuki wsp\u00f3\u0142czesnej \/Polska, Austria, W\u0142ochy, Chorwacja i Chiny\/. Inicjator \/z Bartoszem Fr\u0105czkiem\/ i [&hellip;]<\/p>\n","protected":false},"author":2,"featured_media":0,"parent":0,"menu_order":0,"comment_status":"closed","ping_status":"closed","template":"","meta":[],"_links":{"self":[{"href":"http:\/\/www.malarstwo.ws.ujd.edu.pl\/index.php\/wp-json\/wp\/v2\/pages\/51"}],"collection":[{"href":"http:\/\/www.malarstwo.ws.ujd.edu.pl\/index.php\/wp-json\/wp\/v2\/pages"}],"about":[{"href":"http:\/\/www.malarstwo.ws.ujd.edu.pl\/index.php\/wp-json\/wp\/v2\/types\/page"}],"author":[{"embeddable":true,"href":"http:\/\/www.malarstwo.ws.ujd.edu.pl\/index.php\/wp-json\/wp\/v2\/users\/2"}],"replies":[{"embeddable":true,"href":"http:\/\/www.malarstwo.ws.ujd.edu.pl\/index.php\/wp-json\/wp\/v2\/comments?post=51"}],"version-history":[{"count":3,"href":"http:\/\/www.malarstwo.ws.ujd.edu.pl\/index.php\/wp-json\/wp\/v2\/pages\/51\/revisions"}],"predecessor-version":[{"id":186,"href":"http:\/\/www.malarstwo.ws.ujd.edu.pl\/index.php\/wp-json\/wp\/v2\/pages\/51\/revisions\/186"}],"wp:attachment":[{"href":"http:\/\/www.malarstwo.ws.ujd.edu.pl\/index.php\/wp-json\/wp\/v2\/media?parent=51"}],"curies":[{"name":"wp","href":"https:\/\/api.w.org\/{rel}","templated":true}]}}

dr hab. Włodzimierz Karankiewicz, prof. UJD

<div class="wp-block-image is-style-rounded"><figure class="aligncenter size-large is-resized"><img loading="lazy" src="http://www.malarstwo.ws.ujd.edu.pl/wp-content/uploads/2021/06/W.-Karankiewicz-foto-1020x1024.jpg" alt="" class="wp-image-181" width="328" height="329" srcset="http://www.malarstwo.ws.ujd.edu.pl/wp-content/uploads/2021/06/W.-Karankiewicz-foto-1020x1024.jpg 1020w, http://www.malarstwo.ws.ujd.edu.pl/wp-content/uploads/2021/06/W.-Karankiewicz-foto-300x300.jpg 300w, http://www.malarstwo.ws.ujd.edu.pl/wp-content/uploads/2021/06/W.-Karankiewicz-foto-150x150.jpg 150w, http://www.malarstwo.ws.ujd.edu.pl/wp-content/uploads/2021/06/W.-Karankiewicz-foto-768x771.jpg 768w, http://www.malarstwo.ws.ujd.edu.pl/wp-content/uploads/2021/06/W.-Karankiewicz-foto-1530x1536.jpg 1530w, http://www.malarstwo.ws.ujd.edu.pl/wp-content/uploads/2021/06/W.-Karankiewicz-foto-2040x2048.jpg 2040w" sizes="(max-width: 328px) 100vw, 328px" /></figure></div>



<p><strong>Dr hab. Włodzimierz Karankiewicz prof. uniwersytetu.</strong></p>



<p>Studia /dyplom z wyróżnieniem w prac. prof. J.Szancenbacha/ doktorat i habilitacja na Wydziale Malarstwa ASP w Krakowie. Malarz i pedagog. Trzydzieści lat akademickich doświadczeń dydaktycznych /Polska, Niemcy, Czechy, Słowacja, Chorwacja i Chiny/. Kurator prestiżowych międzynarodowych wystaw sztuki współczesnej /Polska, Austria, Włochy, Chorwacja i Chiny/. Inicjator /z Bartoszem Frączkiem/ i kierownik czterech edycji Międzynarodowego Festiwalu Sztuki „INCIDENT-ACCIDENT”. Współpracuje z ośrodkami artystycznymi i akademickimi na całym świecie.</p>



<figure class="wp-block-gallery columns-3 is-cropped"><ul class="blocks-gallery-grid"><li class="blocks-gallery-item"><figure><img loading="lazy" width="612" height="1024" src="http://www.malarstwo.ws.ujd.edu.pl/wp-content/uploads/2021/06/W.-Karankiewicz_Velum-1_265x150-cm-2020-612x1024.jpg" alt="" data-id="183" data-full-url="http://www.malarstwo.ws.ujd.edu.pl/wp-content/uploads/2021/06/W.-Karankiewicz_Velum-1_265x150-cm-2020-scaled.jpg" data-link="http://www.malarstwo.ws.ujd.edu.pl/index.php/dr-hab-wlodzimierz-karankiewicz/w-karankiewicz_velum-1_265x150-cm-2020/" class="wp-image-183" srcset="http://www.malarstwo.ws.ujd.edu.pl/wp-content/uploads/2021/06/W.-Karankiewicz_Velum-1_265x150-cm-2020-612x1024.jpg 612w, http://www.malarstwo.ws.ujd.edu.pl/wp-content/uploads/2021/06/W.-Karankiewicz_Velum-1_265x150-cm-2020-179x300.jpg 179w, http://www.malarstwo.ws.ujd.edu.pl/wp-content/uploads/2021/06/W.-Karankiewicz_Velum-1_265x150-cm-2020-768x1286.jpg 768w, http://www.malarstwo.ws.ujd.edu.pl/wp-content/uploads/2021/06/W.-Karankiewicz_Velum-1_265x150-cm-2020-918x1536.jpg 918w, http://www.malarstwo.ws.ujd.edu.pl/wp-content/uploads/2021/06/W.-Karankiewicz_Velum-1_265x150-cm-2020-1223x2048.jpg 1223w, http://www.malarstwo.ws.ujd.edu.pl/wp-content/uploads/2021/06/W.-Karankiewicz_Velum-1_265x150-cm-2020-scaled.jpg 1529w" sizes="(max-width: 612px) 100vw, 612px" /></figure></li><li class="blocks-gallery-item"><figure><img loading="lazy" width="580" height="1024" src="http://www.malarstwo.ws.ujd.edu.pl/wp-content/uploads/2021/06/Wlodek_Velum-2_265x150-cm-2020-580x1024.jpg" alt="" data-id="184" data-full-url="http://www.malarstwo.ws.ujd.edu.pl/wp-content/uploads/2021/06/Wlodek_Velum-2_265x150-cm-2020-scaled.jpg" data-link="http://www.malarstwo.ws.ujd.edu.pl/index.php/dr-hab-wlodzimierz-karankiewicz/wlodek_velum-2_265x150-cm-2020/" class="wp-image-184" srcset="http://www.malarstwo.ws.ujd.edu.pl/wp-content/uploads/2021/06/Wlodek_Velum-2_265x150-cm-2020-580x1024.jpg 580w, http://www.malarstwo.ws.ujd.edu.pl/wp-content/uploads/2021/06/Wlodek_Velum-2_265x150-cm-2020-170x300.jpg 170w, http://www.malarstwo.ws.ujd.edu.pl/wp-content/uploads/2021/06/Wlodek_Velum-2_265x150-cm-2020-768x1355.jpg 768w, http://www.malarstwo.ws.ujd.edu.pl/wp-content/uploads/2021/06/Wlodek_Velum-2_265x150-cm-2020-871x1536.jpg 871w, http://www.malarstwo.ws.ujd.edu.pl/wp-content/uploads/2021/06/Wlodek_Velum-2_265x150-cm-2020-1161x2048.jpg 1161w, http://www.malarstwo.ws.ujd.edu.pl/wp-content/uploads/2021/06/Wlodek_Velum-2_265x150-cm-2020-scaled.jpg 1451w" sizes="(max-width: 580px) 100vw, 580px" /></figure></li><li class="blocks-gallery-item"><figure><img loading="lazy" width="619" height="1024" src="http://www.malarstwo.ws.ujd.edu.pl/wp-content/uploads/2021/06/Wlodek_Velum-5_265x150-cm-2020-619x1024.jpg" alt="" data-id="185" data-full-url="http://www.malarstwo.ws.ujd.edu.pl/wp-content/uploads/2021/06/Wlodek_Velum-5_265x150-cm-2020-scaled.jpg" data-link="http://www.malarstwo.ws.ujd.edu.pl/index.php/dr-hab-wlodzimierz-karankiewicz/wlodek_velum-5_265x150-cm-2020/" class="wp-image-185" srcset="http://www.malarstwo.ws.ujd.edu.pl/wp-content/uploads/2021/06/Wlodek_Velum-5_265x150-cm-2020-619x1024.jpg 619w, http://www.malarstwo.ws.ujd.edu.pl/wp-content/uploads/2021/06/Wlodek_Velum-5_265x150-cm-2020-181x300.jpg 181w, http://www.malarstwo.ws.ujd.edu.pl/wp-content/uploads/2021/06/Wlodek_Velum-5_265x150-cm-2020-768x1271.jpg 768w, http://www.malarstwo.ws.ujd.edu.pl/wp-content/uploads/2021/06/Wlodek_Velum-5_265x150-cm-2020-928x1536.jpg 928w, http://www.malarstwo.ws.ujd.edu.pl/wp-content/uploads/2021/06/Wlodek_Velum-5_265x150-cm-2020-1237x2048.jpg 1237w, http://www.malarstwo.ws.ujd.edu.pl/wp-content/uploads/2021/06/Wlodek_Velum-5_265x150-cm-2020-scaled.jpg 1546w" sizes="(max-width: 619px) 100vw, 619px" /></figure></li></ul></figure>

<p>Dr hab. Włodzimierz Karankiewicz prof. uniwersytetu. Studia /dyplom z wyróżnieniem w prac. prof. J.Szancenbacha/ doktorat i habilitacja na Wydziale Malarstwa ASP w Krakowie. Malarz i pedagog. Trzydzieści lat akademickich doświadczeń dydaktycznych /Polska, Niemcy, Czechy, Słowacja, Chorwacja i Chiny/. Kurator prestiżowych międzynarodowych wystaw sztuki współczesnej /Polska, Austria, Włochy, Chorwacja i Chiny/. Inicjator /z Bartoszem Frączkiem/ i [&hellip;]</p>
